{"id":702,"date":"2024-05-21T14:48:17","date_gmt":"2024-05-21T20:48:17","guid":{"rendered":"http:\/\/138.128.188.138\/~obssoluciones\/?post_type=product&#038;p=702"},"modified":"2025-03-10T16:47:21","modified_gmt":"2025-03-10T22:47:21","slug":"sika-estuka-acrilico-m-y-f","status":"publish","type":"product","link":"https:\/\/obssoluciones.com\/main\/producto\/sika-estuka-acrilico-m-y-f\/","title":{"rendered":"Sika Estuka Acrilico M y F"},"content":{"rendered":"<p><strong>DESCRIPCI\u00d3N<\/strong><\/p>\n<p>Pasta con base en resinas acr\u00edlicas, con granulometr\u00eda mineral controlada y aditivos especiales que la hacen impermeable y lavable para dar acabados texturizados o lisos en interiores y exteriores sobre superficies.<\/p>\n<p><strong>USOS<\/strong><\/p>\n<ul>\n<li>Como pasta decorativa para todo tipo de superficies en interiores o exteriores como: yeso, mortero, concreto, panel de yeso, madera, tabique, block, etc.<\/li>\n<li>Para remodelaciones de peque\u00f1o espesor en paredes con estuco o morteros que presenten grietas menores de 0,5 mm (sin movimiento).<\/li>\n<li>El\u00a0<strong>Sika\u00ae Estuka Acr\u00edlico M<\/strong>\u00a0tiene grano medio que le permite dar diferentes acabados. El espesor m\u00e1ximo aplicado por capa es de 1.5 mm.<\/li>\n<li>El\u00a0<strong>Sika\u00ae Estuka Acr\u00edlico F<\/strong>\u00a0tiene grano fino que le permite dar diferentes acabados. Para algunos acabados se le puede agregar grano de acuerdo al tipo de textura deseada. El espesor m\u00e1ximo aplicado por capa es de 1.0 mm.<\/li>\n<\/ul>\n<p><strong>VENTAJAS<\/strong><\/p>\n<ul>\n<li>Producto listo para aplicar. No requiere la adici\u00f3n de otros productos.<\/li>\n<li>Su consistencia y calidad son constantes.<\/li>\n<li>Aplicaci\u00f3n limpia y de bajo desperdicio.<\/li>\n<li>Puede ser utilizado como acabado final o si se aplica una pintura de color, el ahorro en \u00e9sta es considerable.<\/li>\n<li>Tiene la apariencia de yeso, pero con la dureza de un mortero.<\/li>\n<li>De secado r\u00e1pido, se puede pintar 24 horas despu\u00e9s de la aplicaci\u00f3n de la \u00faltima mano.<\/li>\n<li>Crea un puente entre grietas menores de 0,5 mm (sin movimiento) en paredes con mortero o yeso a reparar.<\/li>\n<li>Impermeable y lavable.<\/li>\n<li>Excelente adherencia a casi todo tipo de superficie sana y limpia.<\/li>\n<li>No contiene solventes, por lo que es un producto ecol\u00f3gico y seguro en su aplicaci\u00f3n.<\/li>\n<\/ul>\n<p><strong><span style=\"color: #00f0ff;\"><a style=\"color: #00f0ff;\" href=\"https:\/\/obssoluciones.com\/main\/wp-content\/uploads\/2024\/05\/SIKA-ESTUKA-ACRILICO-M-Y-F.pdf\">FICHA T\u00c9CNICA<\/a><\/span><\/strong><\/p>\n","protected":false},"excerpt":{"rendered":"<p>Pasta con base en resinas acr\u00edlicas, con granulometr\u00eda mineral controlada y aditivos especiales que la hacen impermeable y lavable.<br \/>\n<strong>Sika Estuka Acr\u00edlico M<\/strong> contiene grano medio ideal para acabados texturizados.<br \/>\n<strong>Sika Estuka Acr\u00edlico F<\/strong> contiene grano fino ideal para acabados lisos.<\/p>\n","protected":false},"featured_media":2720,"comment_status":"open","ping_status":"closed","template":"","meta":{"_uag_custom_page_level_css":"","site-sidebar-layout":"default","site-content-layout":"","ast-site-content-layout":"default","site-content-style":"default","site-sidebar-style":"default","ast-global-header-display":"","ast-banner-title-visibility":"","ast-main-header-display":"","ast-hfb-above-header-display":"","ast-hfb-below-header-display":"","ast-hfb-mobile-header-display":"","site-post-title":"","ast-breadcrumbs-content":"","ast-featured-img":"","footer-sml-layout":"","ast-disable-related-posts":"","theme-transparent-header-meta":"default","adv-header-id-meta":"","stick-header-meta":"","header-above-stick-meta":"","header-main-stick-meta":"","header-below-stick-meta":"","astra-migrate-meta-layouts":"set","ast-page-background-enabled":"default","ast-page-background-meta":{"desktop":{"background-color":"","background-image":"","background-repeat":"repeat","background-position":"center center","background-size":"auto","background-attachment":"scroll","background-type":"","background-media":"","overlay-type":"","overlay-color":"","overlay-opacity":"","overlay-gradient":""},"tablet":{"background-color":"","background-image":"","background-repeat":"repeat","background-position":"center center","background-size":"auto","background-attachment":"scroll","background-type":"","background-media":"","overlay-type":"","overlay-color":"","overlay-opacity":"","overlay-gradient":""},"mobile":{"background-color":"","background-image":"","background-repeat":"repeat","background-position":"center center","background-size":"auto","background-attachment":"scroll","background-type":"","background-media":"","overlay-type":"","overlay-color":"","overlay-opacity":"","overlay-gradient":""}},"ast-content-background-meta":{"desktop":{"background-color":"var(--ast-global-color-5)","background-image":"","background-repeat":"repeat","background-position":"center center","background-size":"auto","background-attachment":"scroll","background-type":"","background-media":"","overlay-type":"","overlay-color":"","overlay-opacity":"","overlay-gradient":""},"tablet":{"background-color":"var(--ast-global-color-5)","background-image":"","background-repeat":"repeat","background-position":"center center","background-size":"auto","background-attachment":"scroll","background-type":"","background-media":"","overlay-type":"","overlay-color":"","overlay-opacity":"","overlay-gradient":""},"mobile":{"background-color":"var(--ast-global-color-5)","background-image":"","background-repeat":"repeat","background-position":"center center","background-size":"auto","background-attachment":"scroll","background-type":"","background-media":"","overlay-type":"","overlay-color":"","overlay-opacity":"","overlay-gradient":""}}},"product_brand":[],"product_cat":[30,38],"product_tag":[],"class_list":{"0":"post-702","1":"product","2":"type-product","3":"status-publish","4":"has-post-thumbnail","6":"product_cat-sika","7":"product_cat-morteros-listos","8":"desktop-align-left","9":"tablet-align-left","10":"mobile-align-left","11":"ast-product-gallery-layout-horizontal-slider","12":"ast-product-gallery-with-no-image","13":"ast-magnify-disabled","14":"ast-product-tabs-layout-horizontal","16":"first","17":"instock","18":"shipping-taxable","19":"product-type-simple"},"yoast_head":"<!-- This site is optimized with the Yoast SEO plugin v27.4 - https:\/\/yoast.com\/product\/yoast-seo-wordpress\/ -->\n<title>Sika Estuka Acrilico M y F - OBS Soluciones<\/title>\n<meta name=\"description\" content=\"Pasta con base en resinas acr\u00edlicas, con granulometr\u00eda mineral controlada y aditivos especiales que la hacen impermeable y lavable.\" \/>\n<meta name=\"robots\" content=\"index, follow, max-snippet:-1, max-image-preview:large, max-video-preview:-1\" \/>\n<link rel=\"canonical\" href=\"https:\/\/obssoluciones.com\/main\/producto\/sika-estuka-acrilico-m-y-f\/\" \/>\n<meta property=\"og:locale\" content=\"es_MX\" \/>\n<meta property=\"og:type\" content=\"article\" \/>\n<meta property=\"og:title\" content=\"Sika Estuka Acrilico M y F - OBS Soluciones\" \/>\n<meta property=\"og:description\" content=\"Pasta con base en resinas acr\u00edlicas, con granulometr\u00eda mineral controlada y aditivos especiales que la hacen impermeable y lavable.\" \/>\n<meta property=\"og:url\" content=\"https:\/\/obssoluciones.com\/main\/producto\/sika-estuka-acrilico-m-y-f\/\" \/>\n<meta property=\"og:site_name\" content=\"OBS Soluciones\" \/>\n<meta property=\"article:modified_time\" content=\"2025-03-10T22:47:21+00:00\" \/>\n<meta property=\"og:image\" content=\"https:\/\/obssoluciones.com\/main\/wp-content\/uploads\/2024\/05\/Sika-Estuka-Acrilico-M-y-F.png\" \/>\n\t<meta property=\"og:image:width\" content=\"600\" \/>\n\t<meta property=\"og:image:height\" content=\"600\" \/>\n\t<meta property=\"og:image:type\" content=\"image\/png\" \/>\n<meta name=\"twitter:card\" content=\"summary_large_image\" \/>\n<meta name=\"twitter:label1\" content=\"Tiempo de lectura\" \/>\n\t<meta name=\"twitter:data1\" content=\"2 minutos\" \/>\n<script type=\"application\/ld+json\" class=\"yoast-schema-graph\">{\"@context\":\"https:\\\/\\\/schema.org\",\"@graph\":[{\"@type\":\"WebPage\",\"@id\":\"https:\\\/\\\/obssoluciones.com\\\/main\\\/producto\\\/sika-estuka-acrilico-m-y-f\\\/\",\"url\":\"https:\\\/\\\/obssoluciones.com\\\/main\\\/producto\\\/sika-estuka-acrilico-m-y-f\\\/\",\"name\":\"Sika Estuka Acrilico M y F - OBS Soluciones\",\"isPartOf\":{\"@id\":\"https:\\\/\\\/obssoluciones.com\\\/main\\\/#website\"},\"primaryImageOfPage\":{\"@id\":\"https:\\\/\\\/obssoluciones.com\\\/main\\\/producto\\\/sika-estuka-acrilico-m-y-f\\\/#primaryimage\"},\"image\":{\"@id\":\"https:\\\/\\\/obssoluciones.com\\\/main\\\/producto\\\/sika-estuka-acrilico-m-y-f\\\/#primaryimage\"},\"thumbnailUrl\":\"https:\\\/\\\/obssoluciones.com\\\/main\\\/wp-content\\\/uploads\\\/2024\\\/05\\\/Sika-Estuka-Acrilico-M-y-F.png\",\"datePublished\":\"2024-05-21T20:48:17+00:00\",\"dateModified\":\"2025-03-10T22:47:21+00:00\",\"description\":\"Pasta con base en resinas acr\u00edlicas, con granulometr\u00eda mineral controlada y aditivos especiales que la hacen impermeable y lavable.\",\"breadcrumb\":{\"@id\":\"https:\\\/\\\/obssoluciones.com\\\/main\\\/producto\\\/sika-estuka-acrilico-m-y-f\\\/#breadcrumb\"},\"inLanguage\":\"es\",\"potentialAction\":[{\"@type\":\"ReadAction\",\"target\":[\"https:\\\/\\\/obssoluciones.com\\\/main\\\/producto\\\/sika-estuka-acrilico-m-y-f\\\/\"]}]},{\"@type\":\"ImageObject\",\"inLanguage\":\"es\",\"@id\":\"https:\\\/\\\/obssoluciones.com\\\/main\\\/producto\\\/sika-estuka-acrilico-m-y-f\\\/#primaryimage\",\"url\":\"https:\\\/\\\/obssoluciones.com\\\/main\\\/wp-content\\\/uploads\\\/2024\\\/05\\\/Sika-Estuka-Acrilico-M-y-F.png\",\"contentUrl\":\"https:\\\/\\\/obssoluciones.com\\\/main\\\/wp-content\\\/uploads\\\/2024\\\/05\\\/Sika-Estuka-Acrilico-M-y-F.png\",\"width\":600,\"height\":600},{\"@type\":\"BreadcrumbList\",\"@id\":\"https:\\\/\\\/obssoluciones.com\\\/main\\\/producto\\\/sika-estuka-acrilico-m-y-f\\\/#breadcrumb\",\"itemListElement\":[{\"@type\":\"ListItem\",\"position\":1,\"name\":\"Inicio\",\"item\":\"https:\\\/\\\/obssoluciones.com\\\/main\\\/\"},{\"@type\":\"ListItem\",\"position\":2,\"name\":\"Productos\",\"item\":\"https:\\\/\\\/obssoluciones.com\\\/main\\\/productos\\\/\"},{\"@type\":\"ListItem\",\"position\":3,\"name\":\"Sika Estuka Acrilico M y F\"}]},{\"@type\":\"WebSite\",\"@id\":\"https:\\\/\\\/obssoluciones.com\\\/main\\\/#website\",\"url\":\"https:\\\/\\\/obssoluciones.com\\\/main\\\/\",\"name\":\"OBS Soluciones\",\"description\":\"\",\"publisher\":{\"@id\":\"https:\\\/\\\/obssoluciones.com\\\/main\\\/#organization\"},\"potentialAction\":[{\"@type\":\"SearchAction\",\"target\":{\"@type\":\"EntryPoint\",\"urlTemplate\":\"https:\\\/\\\/obssoluciones.com\\\/main\\\/?s={search_term_string}\"},\"query-input\":{\"@type\":\"PropertyValueSpecification\",\"valueRequired\":true,\"valueName\":\"search_term_string\"}}],\"inLanguage\":\"es\"},{\"@type\":\"Organization\",\"@id\":\"https:\\\/\\\/obssoluciones.com\\\/main\\\/#organization\",\"name\":\"OBS Soluciones\",\"url\":\"https:\\\/\\\/obssoluciones.com\\\/main\\\/\",\"logo\":{\"@type\":\"ImageObject\",\"inLanguage\":\"es\",\"@id\":\"https:\\\/\\\/obssoluciones.com\\\/main\\\/#\\\/schema\\\/logo\\\/image\\\/\",\"url\":\"https:\\\/\\\/obssoluciones.com\\\/main\\\/wp-content\\\/uploads\\\/2024\\\/05\\\/OBS-Soluciones_logo2_1.png\",\"contentUrl\":\"https:\\\/\\\/obssoluciones.com\\\/main\\\/wp-content\\\/uploads\\\/2024\\\/05\\\/OBS-Soluciones_logo2_1.png\",\"width\":256,\"height\":89,\"caption\":\"OBS Soluciones\"},\"image\":{\"@id\":\"https:\\\/\\\/obssoluciones.com\\\/main\\\/#\\\/schema\\\/logo\\\/image\\\/\"}}]}<\/script>\n<!-- \/ Yoast SEO plugin. -->","yoast_head_json":{"title":"Sika Estuka Acrilico M y F - OBS Soluciones","description":"Pasta con base en resinas acr\u00edlicas, con granulometr\u00eda mineral controlada y aditivos especiales que la hacen impermeable y lavable.","robots":{"index":"index","follow":"follow","max-snippet":"max-snippet:-1","max-image-preview":"max-image-preview:large","max-video-preview":"max-video-preview:-1"},"canonical":"https:\/\/obssoluciones.com\/main\/producto\/sika-estuka-acrilico-m-y-f\/","og_locale":"es_MX","og_type":"article","og_title":"Sika Estuka Acrilico M y F - OBS Soluciones","og_description":"Pasta con base en resinas acr\u00edlicas, con granulometr\u00eda mineral controlada y aditivos especiales que la hacen impermeable y lavable.","og_url":"https:\/\/obssoluciones.com\/main\/producto\/sika-estuka-acrilico-m-y-f\/","og_site_name":"OBS Soluciones","article_modified_time":"2025-03-10T22:47:21+00:00","og_image":[{"width":600,"height":600,"url":"https:\/\/obssoluciones.com\/main\/wp-content\/uploads\/2024\/05\/Sika-Estuka-Acrilico-M-y-F.png","type":"image\/png"}],"twitter_card":"summary_large_image","twitter_misc":{"Tiempo de lectura":"2 minutos"},"schema":{"@context":"https:\/\/schema.org","@graph":[{"@type":"WebPage","@id":"https:\/\/obssoluciones.com\/main\/producto\/sika-estuka-acrilico-m-y-f\/","url":"https:\/\/obssoluciones.com\/main\/producto\/sika-estuka-acrilico-m-y-f\/","name":"Sika Estuka Acrilico M y F - OBS Soluciones","isPartOf":{"@id":"https:\/\/obssoluciones.com\/main\/#website"},"primaryImageOfPage":{"@id":"https:\/\/obssoluciones.com\/main\/producto\/sika-estuka-acrilico-m-y-f\/#primaryimage"},"image":{"@id":"https:\/\/obssoluciones.com\/main\/producto\/sika-estuka-acrilico-m-y-f\/#primaryimage"},"thumbnailUrl":"https:\/\/obssoluciones.com\/main\/wp-content\/uploads\/2024\/05\/Sika-Estuka-Acrilico-M-y-F.png","datePublished":"2024-05-21T20:48:17+00:00","dateModified":"2025-03-10T22:47:21+00:00","description":"Pasta con base en resinas acr\u00edlicas, con granulometr\u00eda mineral controlada y aditivos especiales que la hacen impermeable y lavable.","breadcrumb":{"@id":"https:\/\/obssoluciones.com\/main\/producto\/sika-estuka-acrilico-m-y-f\/#breadcrumb"},"inLanguage":"es","potentialAction":[{"@type":"ReadAction","target":["https:\/\/obssoluciones.com\/main\/producto\/sika-estuka-acrilico-m-y-f\/"]}]},{"@type":"ImageObject","inLanguage":"es","@id":"https:\/\/obssoluciones.com\/main\/producto\/sika-estuka-acrilico-m-y-f\/#primaryimage","url":"https:\/\/obssoluciones.com\/main\/wp-content\/uploads\/2024\/05\/Sika-Estuka-Acrilico-M-y-F.png","contentUrl":"https:\/\/obssoluciones.com\/main\/wp-content\/uploads\/2024\/05\/Sika-Estuka-Acrilico-M-y-F.png","width":600,"height":600},{"@type":"BreadcrumbList","@id":"https:\/\/obssoluciones.com\/main\/producto\/sika-estuka-acrilico-m-y-f\/#breadcrumb","itemListElement":[{"@type":"ListItem","position":1,"name":"Inicio","item":"https:\/\/obssoluciones.com\/main\/"},{"@type":"ListItem","position":2,"name":"Productos","item":"https:\/\/obssoluciones.com\/main\/productos\/"},{"@type":"ListItem","position":3,"name":"Sika Estuka Acrilico M y F"}]},{"@type":"WebSite","@id":"https:\/\/obssoluciones.com\/main\/#website","url":"https:\/\/obssoluciones.com\/main\/","name":"OBS Soluciones","description":"","publisher":{"@id":"https:\/\/obssoluciones.com\/main\/#organization"},"potentialAction":[{"@type":"SearchAction","target":{"@type":"EntryPoint","urlTemplate":"https:\/\/obssoluciones.com\/main\/?s={search_term_string}"},"query-input":{"@type":"PropertyValueSpecification","valueRequired":true,"valueName":"search_term_string"}}],"inLanguage":"es"},{"@type":"Organization","@id":"https:\/\/obssoluciones.com\/main\/#organization","name":"OBS Soluciones","url":"https:\/\/obssoluciones.com\/main\/","logo":{"@type":"ImageObject","inLanguage":"es","@id":"https:\/\/obssoluciones.com\/main\/#\/schema\/logo\/image\/","url":"https:\/\/obssoluciones.com\/main\/wp-content\/uploads\/2024\/05\/OBS-Soluciones_logo2_1.png","contentUrl":"https:\/\/obssoluciones.com\/main\/wp-content\/uploads\/2024\/05\/OBS-Soluciones_logo2_1.png","width":256,"height":89,"caption":"OBS Soluciones"},"image":{"@id":"https:\/\/obssoluciones.com\/main\/#\/schema\/logo\/image\/"}}]}},"uagb_featured_image_src":{"full":["https:\/\/obssoluciones.com\/main\/wp-content\/uploads\/2024\/05\/Sika-Estuka-Acrilico-M-y-F.png",600,600,false],"thumbnail":["https:\/\/obssoluciones.com\/main\/wp-content\/uploads\/2024\/05\/Sika-Estuka-Acrilico-M-y-F-150x150.png",150,150,true],"medium":["https:\/\/obssoluciones.com\/main\/wp-content\/uploads\/2024\/05\/Sika-Estuka-Acrilico-M-y-F-300x300.png",300,300,true],"medium_large":["https:\/\/obssoluciones.com\/main\/wp-content\/uploads\/2024\/05\/Sika-Estuka-Acrilico-M-y-F.png",600,600,false],"large":["https:\/\/obssoluciones.com\/main\/wp-content\/uploads\/2024\/05\/Sika-Estuka-Acrilico-M-y-F.png",600,600,false],"1536x1536":["https:\/\/obssoluciones.com\/main\/wp-content\/uploads\/2024\/05\/Sika-Estuka-Acrilico-M-y-F.png",600,600,false],"2048x2048":["https:\/\/obssoluciones.com\/main\/wp-content\/uploads\/2024\/05\/Sika-Estuka-Acrilico-M-y-F.png",600,600,false],"woocommerce_thumbnail":["https:\/\/obssoluciones.com\/main\/wp-content\/uploads\/2024\/05\/Sika-Estuka-Acrilico-M-y-F-300x300.png",300,300,true],"woocommerce_single":["https:\/\/obssoluciones.com\/main\/wp-content\/uploads\/2024\/05\/Sika-Estuka-Acrilico-M-y-F.png",600,600,false],"woocommerce_gallery_thumbnail":["https:\/\/obssoluciones.com\/main\/wp-content\/uploads\/2024\/05\/Sika-Estuka-Acrilico-M-y-F-100x100.png",100,100,true]},"uagb_author_info":{"display_name":"admin","author_link":"https:\/\/obssoluciones.com\/main\/author\/"},"uagb_comment_info":0,"uagb_excerpt":"Pasta con base en resinas acr\u00edlicas, con granulometr\u00eda mineral controlada y aditivos especiales que la hacen impermeable y lavable. Sika Estuka Acr\u00edlico M contiene grano medio ideal para acabados texturizados. Sika Estuka Acr\u00edlico F contiene grano fino ideal para acabados lisos.","_links":{"self":[{"href":"https:\/\/obssoluciones.com\/main\/wp-json\/wp\/v2\/product\/702","targetHints":{"allow":["GET"]}}],"collection":[{"href":"https:\/\/obssoluciones.com\/main\/wp-json\/wp\/v2\/product"}],"about":[{"href":"https:\/\/obssoluciones.com\/main\/wp-json\/wp\/v2\/types\/product"}],"replies":[{"embeddable":true,"href":"https:\/\/obssoluciones.com\/main\/wp-json\/wp\/v2\/comments?post=702"}],"wp:featuredmedia":[{"embeddable":true,"href":"https:\/\/obssoluciones.com\/main\/wp-json\/wp\/v2\/media\/2720"}],"wp:attachment":[{"href":"https:\/\/obssoluciones.com\/main\/wp-json\/wp\/v2\/media?parent=702"}],"wp:term":[{"taxonomy":"product_brand","embeddable":true,"href":"https:\/\/obssoluciones.com\/main\/wp-json\/wp\/v2\/product_brand?post=702"},{"taxonomy":"product_cat","embeddable":true,"href":"https:\/\/obssoluciones.com\/main\/wp-json\/wp\/v2\/product_cat?post=702"},{"taxonomy":"product_tag","embeddable":true,"href":"https:\/\/obssoluciones.com\/main\/wp-json\/wp\/v2\/product_tag?post=702"}],"curies":[{"name":"wp","href":"https:\/\/api.w.org\/{rel}","templated":true}]}}